{"id":83,"date":"2022-02-13T11:44:15","date_gmt":"2022-02-13T11:44:15","guid":{"rendered":"https:\/\/primaristic.de\/?page_id=83"},"modified":"2025-06-07T13:29:35","modified_gmt":"2025-06-07T13:29:35","slug":"geschichte","status":"publish","type":"page","link":"https:\/\/primaristic.de\/index.php\/geschichte\/","title":{"rendered":"Geschichte"},"content":{"rendered":"\n<h1 class=\"wp-block-heading\">Geschichte der Primaristic<\/h1>\n\n\n\n<p>Die Primaristic als Lehre und die dazugeh\u00f6rige TPM (Therapie nach Pfeiffer-Meisel) wurde von der Physiotherapeutin Helga Pfeiffer-Meisel (*1943, +2006) 1969 entwickelt. Sie bildete seit 1979 Physiotherapeutinnen zu Primaristinnen aus.<\/p>\n\n\n\n<p>Sie arbeitete als Physiotherapeutin in einer Klinik mit schwer betroffenen S\u00e4uglingen. Ihr war es ein Herzensthema, die prim\u00e4ren Bed\u00fcrfnisse der Kinder nach ihren M\u00f6glichkeiten therapeutisch zu unterst\u00fctzen. Nach zahlreichen neurophysiologischen Fortbildungen entwickelte sie die Therapiem\u00f6glichkeit f\u00fcr S\u00e4uglinge mit ihrem Erfahrungswissen weiter zum Therapiekonzept Pfeiffer-Meisel und konnte direkt die positiven Wirkungen beobachten. Ab 1981 erhielt ihr Therapiekonzept den Namen PRIMARISTIC.<\/p>\n\n\n\n<p>In der folgenden Zeit entwickelte sie daraus ein \u201eprogram of life\u201c f\u00fcr alle Altersstufen.<\/p>\n\n\n\n<hr class=\"wp-block-separator has-alpha-channel-opacity\"\/>\n\n\n\n<p><\/p>\n","protected":false},"excerpt":{"rendered":"<p>Geschichte der Primaristic Die Primaristic als Lehre und die dazugeh\u00f6rige TPM (Therapie nach Pfeiffer-Meisel) wurde von der Physiotherapeutin Helga Pfeiffer-Meisel (*1943, +2006) 1969 entwickelt. Sie bildete seit 1979 Physiotherapeutinnen zu Primaristinnen aus. Sie arbeitete als Physiotherapeutin in einer Klinik mit schwer betroffenen S\u00e4uglingen. Ihr war es ein Herzensthema, die prim\u00e4ren Bed\u00fcrfnisse der Kinder nach ihren &hellip; <\/p>\n<p class=\"link-more\"><a href=\"https:\/\/primaristic.de\/index.php\/geschichte\/\" class=\"more-link\">Mehr <span class=\"screen-reader-text\">\u00fcber &#8222;Geschichte&#8220; <\/span>Lesen<\/a><\/p>\n","protected":false},"author":1,"featured_media":0,"parent":0,"menu_order":0,"comment_status":"closed","ping_status":"closed","template":"","meta":{"_acf_changed":false,"_monsterinsights_skip_tracking":false,"_monsterinsights_sitenote_active":false,"_monsterinsights_sitenote_note":"","_monsterinsights_sitenote_category":0,"footnotes":""},"class_list":["post-83","page","type-page","status-publish","hentry"],"acf":[],"yoast_head":"<!-- This site is optimized with the Yoast SEO plugin v26.6 - https:\/\/yoast.com\/wordpress\/plugins\/seo\/ -->\n<title>Geschichte - primaristic.de<\/title>\n<meta name=\"robots\" content=\"index, follow, max-snippet:-1, max-image-preview:large, max-video-preview:-1\" \/>\n<link rel=\"canonical\" href=\"https:\/\/primaristic.de\/index.php\/geschichte\/\" \/>\n<meta property=\"og:locale\" content=\"de_DE\" \/>\n<meta property=\"og:type\" content=\"article\" \/>\n<meta property=\"og:title\" content=\"Geschichte - primaristic.de\" \/>\n<meta property=\"og:description\" content=\"Geschichte der Primaristic Die Primaristic als Lehre und die dazugeh\u00f6rige TPM (Therapie nach Pfeiffer-Meisel) wurde von der Physiotherapeutin Helga Pfeiffer-Meisel (*1943, +2006) 1969 entwickelt. Sie bildete seit 1979 Physiotherapeutinnen zu Primaristinnen aus. Sie arbeitete als Physiotherapeutin in einer Klinik mit schwer betroffenen S\u00e4uglingen. Ihr war es ein Herzensthema, die prim\u00e4ren Bed\u00fcrfnisse der Kinder nach ihren &hellip; Mehr \u00fcber &quot;Geschichte&quot; Lesen\" \/>\n<meta property=\"og:url\" content=\"https:\/\/primaristic.de\/index.php\/geschichte\/\" \/>\n<meta property=\"og:site_name\" content=\"primaristic.de\" \/>\n<meta property=\"article:modified_time\" content=\"2025-06-07T13:29:35+00:00\" \/>\n<meta name=\"twitter:card\" content=\"summary_large_image\" \/>\n<meta name=\"twitter:label1\" content=\"Gesch\u00e4tzte Lesezeit\" \/>\n\t<meta name=\"twitter:data1\" content=\"1\u00a0Minute\" \/>\n<script type=\"application\/ld+json\" class=\"yoast-schema-graph\">{\"@context\":\"https:\/\/schema.org\",\"@graph\":[{\"@type\":\"WebPage\",\"@id\":\"https:\/\/primaristic.de\/index.php\/geschichte\/\",\"url\":\"https:\/\/primaristic.de\/index.php\/geschichte\/\",\"name\":\"Geschichte - primaristic.de\",\"isPartOf\":{\"@id\":\"https:\/\/primaristic.de\/#website\"},\"datePublished\":\"2022-02-13T11:44:15+00:00\",\"dateModified\":\"2025-06-07T13:29:35+00:00\",\"breadcrumb\":{\"@id\":\"https:\/\/primaristic.de\/index.php\/geschichte\/#breadcrumb\"},\"inLanguage\":\"de\",\"potentialAction\":[{\"@type\":\"ReadAction\",\"target\":[\"https:\/\/primaristic.de\/index.php\/geschichte\/\"]}]},{\"@type\":\"BreadcrumbList\",\"@id\":\"https:\/\/primaristic.de\/index.php\/geschichte\/#breadcrumb\",\"itemListElement\":[{\"@type\":\"ListItem\",\"position\":1,\"name\":\"Startseite\",\"item\":\"https:\/\/primaristic.de\/\"},{\"@type\":\"ListItem\",\"position\":2,\"name\":\"Geschichte\"}]},{\"@type\":\"WebSite\",\"@id\":\"https:\/\/primaristic.de\/#website\",\"url\":\"https:\/\/primaristic.de\/\",\"name\":\"primaristic.de\",\"description\":\"Dachverband der Primaristinnen in Deutschland\",\"publisher\":{\"@id\":\"https:\/\/primaristic.de\/#organization\"},\"potentialAction\":[{\"@type\":\"SearchAction\",\"target\":{\"@type\":\"EntryPoint\",\"urlTemplate\":\"https:\/\/primaristic.de\/?s={search_term_string}\"},\"query-input\":{\"@type\":\"PropertyValueSpecification\",\"valueRequired\":true,\"valueName\":\"search_term_string\"}}],\"inLanguage\":\"de\"},{\"@type\":\"Organization\",\"@id\":\"https:\/\/primaristic.de\/#organization\",\"name\":\"primaristic.de\",\"url\":\"https:\/\/primaristic.de\/\",\"logo\":{\"@type\":\"ImageObject\",\"inLanguage\":\"de\",\"@id\":\"https:\/\/primaristic.de\/#\/schema\/logo\/image\/\",\"url\":\"https:\/\/primaristic.de\/wp-content\/uploads\/2024\/11\/Logo-Weiss-groesser.png\",\"contentUrl\":\"https:\/\/primaristic.de\/wp-content\/uploads\/2024\/11\/Logo-Weiss-groesser.png\",\"width\":1124,\"height\":749,\"caption\":\"primaristic.de\"},\"image\":{\"@id\":\"https:\/\/primaristic.de\/#\/schema\/logo\/image\/\"}}]}<\/script>\n<!-- \/ Yoast SEO plugin. -->","yoast_head_json":{"title":"Geschichte - primaristic.de","robots":{"index":"index","follow":"follow","max-snippet":"max-snippet:-1","max-image-preview":"max-image-preview:large","max-video-preview":"max-video-preview:-1"},"canonical":"https:\/\/primaristic.de\/index.php\/geschichte\/","og_locale":"de_DE","og_type":"article","og_title":"Geschichte - primaristic.de","og_description":"Geschichte der Primaristic Die Primaristic als Lehre und die dazugeh\u00f6rige TPM (Therapie nach Pfeiffer-Meisel) wurde von der Physiotherapeutin Helga Pfeiffer-Meisel (*1943, +2006) 1969 entwickelt. Sie bildete seit 1979 Physiotherapeutinnen zu Primaristinnen aus. Sie arbeitete als Physiotherapeutin in einer Klinik mit schwer betroffenen S\u00e4uglingen. Ihr war es ein Herzensthema, die prim\u00e4ren Bed\u00fcrfnisse der Kinder nach ihren &hellip; Mehr \u00fcber \"Geschichte\" Lesen","og_url":"https:\/\/primaristic.de\/index.php\/geschichte\/","og_site_name":"primaristic.de","article_modified_time":"2025-06-07T13:29:35+00:00","twitter_card":"summary_large_image","twitter_misc":{"Gesch\u00e4tzte Lesezeit":"1\u00a0Minute"},"schema":{"@context":"https:\/\/schema.org","@graph":[{"@type":"WebPage","@id":"https:\/\/primaristic.de\/index.php\/geschichte\/","url":"https:\/\/primaristic.de\/index.php\/geschichte\/","name":"Geschichte - primaristic.de","isPartOf":{"@id":"https:\/\/primaristic.de\/#website"},"datePublished":"2022-02-13T11:44:15+00:00","dateModified":"2025-06-07T13:29:35+00:00","breadcrumb":{"@id":"https:\/\/primaristic.de\/index.php\/geschichte\/#breadcrumb"},"inLanguage":"de","potentialAction":[{"@type":"ReadAction","target":["https:\/\/primaristic.de\/index.php\/geschichte\/"]}]},{"@type":"BreadcrumbList","@id":"https:\/\/primaristic.de\/index.php\/geschichte\/#breadcrumb","itemListElement":[{"@type":"ListItem","position":1,"name":"Startseite","item":"https:\/\/primaristic.de\/"},{"@type":"ListItem","position":2,"name":"Geschichte"}]},{"@type":"WebSite","@id":"https:\/\/primaristic.de\/#website","url":"https:\/\/primaristic.de\/","name":"primaristic.de","description":"Dachverband der Primaristinnen in Deutschland","publisher":{"@id":"https:\/\/primaristic.de\/#organization"},"potentialAction":[{"@type":"SearchAction","target":{"@type":"EntryPoint","urlTemplate":"https:\/\/primaristic.de\/?s={search_term_string}"},"query-input":{"@type":"PropertyValueSpecification","valueRequired":true,"valueName":"search_term_string"}}],"inLanguage":"de"},{"@type":"Organization","@id":"https:\/\/primaristic.de\/#organization","name":"primaristic.de","url":"https:\/\/primaristic.de\/","logo":{"@type":"ImageObject","inLanguage":"de","@id":"https:\/\/primaristic.de\/#\/schema\/logo\/image\/","url":"https:\/\/primaristic.de\/wp-content\/uploads\/2024\/11\/Logo-Weiss-groesser.png","contentUrl":"https:\/\/primaristic.de\/wp-content\/uploads\/2024\/11\/Logo-Weiss-groesser.png","width":1124,"height":749,"caption":"primaristic.de"},"image":{"@id":"https:\/\/primaristic.de\/#\/schema\/logo\/image\/"}}]}},"jetpack_sharing_enabled":true,"_links":{"self":[{"href":"https:\/\/primaristic.de\/index.php\/wp-json\/wp\/v2\/pages\/83","targetHints":{"allow":["GET"]}}],"collection":[{"href":"https:\/\/primaristic.de\/index.php\/wp-json\/wp\/v2\/pages"}],"about":[{"href":"https:\/\/primaristic.de\/index.php\/wp-json\/wp\/v2\/types\/page"}],"author":[{"embeddable":true,"href":"https:\/\/primaristic.de\/index.php\/wp-json\/wp\/v2\/users\/1"}],"replies":[{"embeddable":true,"href":"https:\/\/primaristic.de\/index.php\/wp-json\/wp\/v2\/comments?post=83"}],"version-history":[{"count":6,"href":"https:\/\/primaristic.de\/index.php\/wp-json\/wp\/v2\/pages\/83\/revisions"}],"predecessor-version":[{"id":349,"href":"https:\/\/primaristic.de\/index.php\/wp-json\/wp\/v2\/pages\/83\/revisions\/349"}],"wp:attachment":[{"href":"https:\/\/primaristic.de\/index.php\/wp-json\/wp\/v2\/media?parent=83"}],"curies":[{"name":"wp","href":"https:\/\/api.w.org\/{rel}","templated":true}]}}

<h1 class="wp-block-heading">Geschichte der Primaristic</h1>



<p>Die Primaristic als Lehre und die dazugehörige TPM (Therapie nach Pfeiffer-Meisel) wurde von der Physiotherapeutin Helga Pfeiffer-Meisel (*1943, +2006) 1969 entwickelt. Sie bildete seit 1979 Physiotherapeutinnen zu Primaristinnen aus.</p>



<p>Sie arbeitete als Physiotherapeutin in einer Klinik mit schwer betroffenen Säuglingen. Ihr war es ein Herzensthema, die primären Bedürfnisse der Kinder nach ihren Möglichkeiten therapeutisch zu unterstützen. Nach zahlreichen neurophysiologischen Fortbildungen entwickelte sie die Therapiemöglichkeit für Säuglinge mit ihrem Erfahrungswissen weiter zum Therapiekonzept Pfeiffer-Meisel und konnte direkt die positiven Wirkungen beobachten. Ab 1981 erhielt ihr Therapiekonzept den Namen PRIMARISTIC.</p>



<p>In der folgenden Zeit entwickelte sie daraus ein „program of life“ für alle Altersstufen.</p>



<hr class="wp-block-separator has-alpha-channel-opacity"/>



<p></p>

<p>Geschichte der Primaristic Die Primaristic als Lehre und die dazugehörige TPM (Therapie nach Pfeiffer-Meisel) wurde von der Physiotherapeutin Helga Pfeiffer-Meisel (*1943, +2006) 1969 entwickelt. Sie bildete seit 1979 Physiotherapeutinnen zu Primaristinnen aus. Sie arbeitete als Physiotherapeutin in einer Klinik mit schwer betroffenen Säuglingen. Ihr war es ein Herzensthema, die primären Bedürfnisse der Kinder nach ihren &hellip; </p>
<p class="link-more"><a href="https://primaristic.de/index.php/geschichte/" class="more-link">Mehr <span class="screen-reader-text">über &#8222;Geschichte&#8220; </span>Lesen</a></p>

<!-- This site is optimized with the Yoast SEO plugin v26.6 - https://yoast.com/wordpress/plugins/seo/ -->
<title>Geschichte - primaristic.de</title>
<meta name="robots" content="index, follow, max-snippet:-1, max-image-preview:large, max-video-preview:-1" />
<link rel="canonical" href="https://primaristic.de/index.php/geschichte/" />
<meta property="og:locale" content="de_DE" />
<meta property="og:type" content="article" />
<meta property="og:title" content="Geschichte - primaristic.de" />
<meta property="og:description" content="Geschichte der Primaristic Die Primaristic als Lehre und die dazugehörige TPM (Therapie nach Pfeiffer-Meisel) wurde von der Physiotherapeutin Helga Pfeiffer-Meisel (*1943, +2006) 1969 entwickelt. Sie bildete seit 1979 Physiotherapeutinnen zu Primaristinnen aus. Sie arbeitete als Physiotherapeutin in einer Klinik mit schwer betroffenen Säuglingen. Ihr war es ein Herzensthema, die primären Bedürfnisse der Kinder nach ihren &hellip; Mehr über &quot;Geschichte&quot; Lesen" />
<meta property="og:url" content="https://primaristic.de/index.php/geschichte/" />
<meta property="og:site_name" content="primaristic.de" />
<meta property="article:modified_time" content="2025-06-07T13:29:35+00:00" />
<meta name="twitter:card" content="summary_large_image" />
<meta name="twitter:label1" content="Geschätzte Lesezeit" />
	<meta name="twitter:data1" content="1 Minute" />
<script type="application/ld+json" class="yoast-schema-graph">{"@context":"https://schema.org","@graph":[{"@type":"WebPage","@id":"https://primaristic.de/index.php/geschichte/","url":"https://primaristic.de/index.php/geschichte/","name":"Geschichte - primaristic.de","isPartOf":{"@id":"https://primaristic.de/#website"},"datePublished":"2022-02-13T11:44:15+00:00","dateModified":"2025-06-07T13:29:35+00:00","breadcrumb":{"@id":"https://primaristic.de/index.php/geschichte/#breadcrumb"},"inLanguage":"de","potentialAction":[{"@type":"ReadAction","target":["https://primaristic.de/index.php/geschichte/"]}]},{"@type":"BreadcrumbList","@id":"https://primaristic.de/index.php/geschichte/#breadcrumb","itemListElement":[{"@type":"ListItem","position":1,"name":"Startseite","item":"https://primaristic.de/"},{"@type":"ListItem","position":2,"name":"Geschichte"}]},{"@type":"WebSite","@id":"https://primaristic.de/#website","url":"https://primaristic.de/","name":"primaristic.de","description":"Dachverband der Primaristinnen in Deutschland","publisher":{"@id":"https://primaristic.de/#organization"},"potentialAction":[{"@type":"SearchAction","target":{"@type":"EntryPoint","urlTemplate":"https://primaristic.de/?s={search_term_string}"},"query-input":{"@type":"PropertyValueSpecification","valueRequired":true,"valueName":"search_term_string"}}],"inLanguage":"de"},{"@type":"Organization","@id":"https://primaristic.de/#organization","name":"primaristic.de","url":"https://primaristic.de/","logo":{"@type":"ImageObject","inLanguage":"de","@id":"https://primaristic.de/#/schema/logo/image/","url":"https://primaristic.de/wp-content/uploads/2024/11/Logo-Weiss-groesser.png","contentUrl":"https://primaristic.de/wp-content/uploads/2024/11/Logo-Weiss-groesser.png","width":1124,"height":749,"caption":"primaristic.de"},"image":{"@id":"https://primaristic.de/#/schema/logo/image/"}}]}</script>
<!-- / Yoast SEO plugin. -->

Geschichte der Primaristic Die Primaristic als Lehre und die dazugehörige TPM (Therapie nach Pfeiffer-Meisel) wurde von der Physiotherapeutin Helga Pfeiffer-Meisel (*1943, +2006) 1969 entwickelt. Sie bildete seit 1979 Physiotherapeutinnen zu Primaristinnen aus. Sie arbeitete als Physiotherapeutin in einer Klinik mit schwer betroffenen Säuglingen. Ihr war es ein Herzensthema, die primären Bedürfnisse der Kinder nach ihren &hellip; Mehr über "Geschichte" Lesen
