{"id":13,"date":"2022-01-10T21:21:34","date_gmt":"2022-01-10T21:21:34","guid":{"rendered":"https:\/\/primaristic.de\/?page_id=13"},"modified":"2024-04-01T11:28:39","modified_gmt":"2024-04-01T11:28:39","slug":"schoene-portfolios-fuer-aussergewoehnliche-kreative","status":"publish","type":"page","link":"https:\/\/primaristic.de\/","title":{"rendered":"Was ist und wie wirkt Primaristic?"},"content":{"rendered":"\n<h2 class=\"wp-block-heading has-text-align-center\">Primaristic ist das Wissen und die Lehre der sensomotorischen Entwicklung des Menschen. <\/h2>\n\n\n\n<p><\/p>\n\n\n\n<p class=\"has-text-align-center\">Die Ausf\u00fchrung der Primaristic unterst\u00fctzt die sensomotorische Entwicklung.<\/p>\n\n\n\n<p class=\"has-text-align-center\">Diese ist h\u00e4ufig blockiert durch das Fortbestehen prim\u00e4rer (fr\u00fchkindlicher) Reflexe.<\/p>\n\n\n\n<p class=\"has-text-align-center\">Durch die praktische Ausf\u00fchrung der Primaristic \u2013 das Bewegen und Halten in bestimmten K\u00f6rperlagen \u2013&nbsp;kann die von Natur aus angelegte sensomotorische Entwicklung ohne Hindernisse, d.h. frei von prim\u00e4ren Reflexen ablaufen.&nbsp;<\/p>\n\n\n\n<p class=\"has-text-align-center\">Damit kann bei S\u00e4uglingen, Kindern, Jugendlichen und Erwachsenen die Wahrnehmung des eigenen K\u00f6rpers, sowie die Koordination der Muskulatur und Gelenke positiv beeinflusst werden.<\/p>\n\n\n\n<p><a id=\"_msocom_1\"><\/a><\/p>\n","protected":false},"excerpt":{"rendered":"<p>Primaristic ist das Wissen und die Lehre der sensomotorischen Entwicklung des Menschen. Die Ausf\u00fchrung der Primaristic unterst\u00fctzt die sensomotorische Entwicklung. Diese ist h\u00e4ufig blockiert durch das Fortbestehen prim\u00e4rer (fr\u00fchkindlicher) Reflexe. Durch die praktische Ausf\u00fchrung der Primaristic \u2013 das Bewegen und Halten in bestimmten K\u00f6rperlagen \u2013&nbsp;kann die von Natur aus angelegte sensomotorische Entwicklung ohne Hindernisse, d.h. &hellip; <\/p>\n<p class=\"link-more\"><a href=\"https:\/\/primaristic.de\/\" class=\"more-link\">Mehr <span class=\"screen-reader-text\">\u00fcber &#8222;Was ist und wie wirkt Primaristic?&#8220; <\/span>Lesen<\/a><\/p>\n","protected":false},"author":1,"featured_media":173,"parent":0,"menu_order":0,"comment_status":"closed","ping_status":"closed","template":"","meta":{"_acf_changed":false,"_monsterinsights_skip_tracking":false,"_monsterinsights_sitenote_active":false,"_monsterinsights_sitenote_note":"","_monsterinsights_sitenote_category":0,"footnotes":""},"class_list":["post-13","page","type-page","status-publish","has-post-thumbnail","hentry"],"acf":[],"yoast_head":"<!-- This site is optimized with the Yoast SEO plugin v26.6 - https:\/\/yoast.com\/wordpress\/plugins\/seo\/ -->\n<title>Was ist und wie wirkt Primaristic? - primaristic.de<\/title>\n<meta name=\"robots\" content=\"index, follow, max-snippet:-1, max-image-preview:large, max-video-preview:-1\" \/>\n<link rel=\"canonical\" href=\"https:\/\/primaristic.de\/\" \/>\n<meta property=\"og:locale\" content=\"de_DE\" \/>\n<meta property=\"og:type\" content=\"article\" \/>\n<meta property=\"og:title\" content=\"Was ist und wie wirkt Primaristic? - primaristic.de\" \/>\n<meta property=\"og:description\" content=\"Primaristic ist das Wissen und die Lehre der sensomotorischen Entwicklung des Menschen. Die Ausf\u00fchrung der Primaristic unterst\u00fctzt die sensomotorische Entwicklung. Diese ist h\u00e4ufig blockiert durch das Fortbestehen prim\u00e4rer (fr\u00fchkindlicher) Reflexe. Durch die praktische Ausf\u00fchrung der Primaristic \u2013 das Bewegen und Halten in bestimmten K\u00f6rperlagen \u2013&nbsp;kann die von Natur aus angelegte sensomotorische Entwicklung ohne Hindernisse, d.h. &hellip; Mehr \u00fcber &quot;Was ist und wie wirkt Primaristic?&quot; Lesen\" \/>\n<meta property=\"og:url\" content=\"https:\/\/primaristic.de\/\" \/>\n<meta property=\"og:site_name\" content=\"primaristic.de\" \/>\n<meta property=\"article:modified_time\" content=\"2024-04-01T11:28:39+00:00\" \/>\n<meta property=\"og:image\" content=\"https:\/\/primaristic.de\/wp-content\/uploads\/2024\/03\/Logo-Primaristic-solo-farbig.png\" \/>\n\t<meta property=\"og:image:width\" content=\"1505\" \/>\n\t<meta property=\"og:image:height\" content=\"481\" \/>\n\t<meta property=\"og:image:type\" content=\"image\/png\" \/>\n<meta name=\"twitter:card\" content=\"summary_large_image\" \/>\n<meta name=\"twitter:label1\" content=\"Gesch\u00e4tzte Lesezeit\" \/>\n\t<meta name=\"twitter:data1\" content=\"1\u00a0Minute\" \/>\n<script type=\"application\/ld+json\" class=\"yoast-schema-graph\">{\"@context\":\"https:\/\/schema.org\",\"@graph\":[{\"@type\":\"WebPage\",\"@id\":\"https:\/\/primaristic.de\/\",\"url\":\"https:\/\/primaristic.de\/\",\"name\":\"Was ist und wie wirkt Primaristic? - primaristic.de\",\"isPartOf\":{\"@id\":\"https:\/\/primaristic.de\/#website\"},\"primaryImageOfPage\":{\"@id\":\"https:\/\/primaristic.de\/#primaryimage\"},\"image\":{\"@id\":\"https:\/\/primaristic.de\/#primaryimage\"},\"thumbnailUrl\":\"https:\/\/primaristic.de\/wp-content\/uploads\/2024\/03\/Logo-Primaristic-solo-farbig.png\",\"datePublished\":\"2022-01-10T21:21:34+00:00\",\"dateModified\":\"2024-04-01T11:28:39+00:00\",\"breadcrumb\":{\"@id\":\"https:\/\/primaristic.de\/#breadcrumb\"},\"inLanguage\":\"de\",\"potentialAction\":[{\"@type\":\"ReadAction\",\"target\":[\"https:\/\/primaristic.de\/\"]}]},{\"@type\":\"ImageObject\",\"inLanguage\":\"de\",\"@id\":\"https:\/\/primaristic.de\/#primaryimage\",\"url\":\"https:\/\/primaristic.de\/wp-content\/uploads\/2024\/03\/Logo-Primaristic-solo-farbig.png\",\"contentUrl\":\"https:\/\/primaristic.de\/wp-content\/uploads\/2024\/03\/Logo-Primaristic-solo-farbig.png\",\"width\":1505,\"height\":481},{\"@type\":\"BreadcrumbList\",\"@id\":\"https:\/\/primaristic.de\/#breadcrumb\",\"itemListElement\":[{\"@type\":\"ListItem\",\"position\":1,\"name\":\"Startseite\",\"item\":\"https:\/\/primaristic.de\/\"},{\"@type\":\"ListItem\",\"position\":2,\"name\":\"Was ist und wie wirkt Primaristic?\"}]},{\"@type\":\"WebSite\",\"@id\":\"https:\/\/primaristic.de\/#website\",\"url\":\"https:\/\/primaristic.de\/\",\"name\":\"primaristic.de\",\"description\":\"Dachverband der Primaristinnen in Deutschland\",\"publisher\":{\"@id\":\"https:\/\/primaristic.de\/#organization\"},\"potentialAction\":[{\"@type\":\"SearchAction\",\"target\":{\"@type\":\"EntryPoint\",\"urlTemplate\":\"https:\/\/primaristic.de\/?s={search_term_string}\"},\"query-input\":{\"@type\":\"PropertyValueSpecification\",\"valueRequired\":true,\"valueName\":\"search_term_string\"}}],\"inLanguage\":\"de\"},{\"@type\":\"Organization\",\"@id\":\"https:\/\/primaristic.de\/#organization\",\"name\":\"primaristic.de\",\"url\":\"https:\/\/primaristic.de\/\",\"logo\":{\"@type\":\"ImageObject\",\"inLanguage\":\"de\",\"@id\":\"https:\/\/primaristic.de\/#\/schema\/logo\/image\/\",\"url\":\"https:\/\/primaristic.de\/wp-content\/uploads\/2024\/11\/Logo-Weiss-groesser.png\",\"contentUrl\":\"https:\/\/primaristic.de\/wp-content\/uploads\/2024\/11\/Logo-Weiss-groesser.png\",\"width\":1124,\"height\":749,\"caption\":\"primaristic.de\"},\"image\":{\"@id\":\"https:\/\/primaristic.de\/#\/schema\/logo\/image\/\"}}]}<\/script>\n<!-- \/ Yoast SEO plugin. -->","yoast_head_json":{"title":"Was ist und wie wirkt Primaristic? - primaristic.de","robots":{"index":"index","follow":"follow","max-snippet":"max-snippet:-1","max-image-preview":"max-image-preview:large","max-video-preview":"max-video-preview:-1"},"canonical":"https:\/\/primaristic.de\/","og_locale":"de_DE","og_type":"article","og_title":"Was ist und wie wirkt Primaristic? - primaristic.de","og_description":"Primaristic ist das Wissen und die Lehre der sensomotorischen Entwicklung des Menschen. Die Ausf\u00fchrung der Primaristic unterst\u00fctzt die sensomotorische Entwicklung. Diese ist h\u00e4ufig blockiert durch das Fortbestehen prim\u00e4rer (fr\u00fchkindlicher) Reflexe. Durch die praktische Ausf\u00fchrung der Primaristic \u2013 das Bewegen und Halten in bestimmten K\u00f6rperlagen \u2013&nbsp;kann die von Natur aus angelegte sensomotorische Entwicklung ohne Hindernisse, d.h. &hellip; Mehr \u00fcber \"Was ist und wie wirkt Primaristic?\" Lesen","og_url":"https:\/\/primaristic.de\/","og_site_name":"primaristic.de","article_modified_time":"2024-04-01T11:28:39+00:00","og_image":[{"width":1505,"height":481,"url":"https:\/\/primaristic.de\/wp-content\/uploads\/2024\/03\/Logo-Primaristic-solo-farbig.png","type":"image\/png"}],"twitter_card":"summary_large_image","twitter_misc":{"Gesch\u00e4tzte Lesezeit":"1\u00a0Minute"},"schema":{"@context":"https:\/\/schema.org","@graph":[{"@type":"WebPage","@id":"https:\/\/primaristic.de\/","url":"https:\/\/primaristic.de\/","name":"Was ist und wie wirkt Primaristic? - primaristic.de","isPartOf":{"@id":"https:\/\/primaristic.de\/#website"},"primaryImageOfPage":{"@id":"https:\/\/primaristic.de\/#primaryimage"},"image":{"@id":"https:\/\/primaristic.de\/#primaryimage"},"thumbnailUrl":"https:\/\/primaristic.de\/wp-content\/uploads\/2024\/03\/Logo-Primaristic-solo-farbig.png","datePublished":"2022-01-10T21:21:34+00:00","dateModified":"2024-04-01T11:28:39+00:00","breadcrumb":{"@id":"https:\/\/primaristic.de\/#breadcrumb"},"inLanguage":"de","potentialAction":[{"@type":"ReadAction","target":["https:\/\/primaristic.de\/"]}]},{"@type":"ImageObject","inLanguage":"de","@id":"https:\/\/primaristic.de\/#primaryimage","url":"https:\/\/primaristic.de\/wp-content\/uploads\/2024\/03\/Logo-Primaristic-solo-farbig.png","contentUrl":"https:\/\/primaristic.de\/wp-content\/uploads\/2024\/03\/Logo-Primaristic-solo-farbig.png","width":1505,"height":481},{"@type":"BreadcrumbList","@id":"https:\/\/primaristic.de\/#breadcrumb","itemListElement":[{"@type":"ListItem","position":1,"name":"Startseite","item":"https:\/\/primaristic.de\/"},{"@type":"ListItem","position":2,"name":"Was ist und wie wirkt Primaristic?"}]},{"@type":"WebSite","@id":"https:\/\/primaristic.de\/#website","url":"https:\/\/primaristic.de\/","name":"primaristic.de","description":"Dachverband der Primaristinnen in Deutschland","publisher":{"@id":"https:\/\/primaristic.de\/#organization"},"potentialAction":[{"@type":"SearchAction","target":{"@type":"EntryPoint","urlTemplate":"https:\/\/primaristic.de\/?s={search_term_string}"},"query-input":{"@type":"PropertyValueSpecification","valueRequired":true,"valueName":"search_term_string"}}],"inLanguage":"de"},{"@type":"Organization","@id":"https:\/\/primaristic.de\/#organization","name":"primaristic.de","url":"https:\/\/primaristic.de\/","logo":{"@type":"ImageObject","inLanguage":"de","@id":"https:\/\/primaristic.de\/#\/schema\/logo\/image\/","url":"https:\/\/primaristic.de\/wp-content\/uploads\/2024\/11\/Logo-Weiss-groesser.png","contentUrl":"https:\/\/primaristic.de\/wp-content\/uploads\/2024\/11\/Logo-Weiss-groesser.png","width":1124,"height":749,"caption":"primaristic.de"},"image":{"@id":"https:\/\/primaristic.de\/#\/schema\/logo\/image\/"}}]}},"jetpack_sharing_enabled":true,"_links":{"self":[{"href":"https:\/\/primaristic.de\/index.php\/wp-json\/wp\/v2\/pages\/13","targetHints":{"allow":["GET"]}}],"collection":[{"href":"https:\/\/primaristic.de\/index.php\/wp-json\/wp\/v2\/pages"}],"about":[{"href":"https:\/\/primaristic.de\/index.php\/wp-json\/wp\/v2\/types\/page"}],"author":[{"embeddable":true,"href":"https:\/\/primaristic.de\/index.php\/wp-json\/wp\/v2\/users\/1"}],"replies":[{"embeddable":true,"href":"https:\/\/primaristic.de\/index.php\/wp-json\/wp\/v2\/comments?post=13"}],"version-history":[{"count":12,"href":"https:\/\/primaristic.de\/index.php\/wp-json\/wp\/v2\/pages\/13\/revisions"}],"predecessor-version":[{"id":278,"href":"https:\/\/primaristic.de\/index.php\/wp-json\/wp\/v2\/pages\/13\/revisions\/278"}],"wp:featuredmedia":[{"embeddable":true,"href":"https:\/\/primaristic.de\/index.php\/wp-json\/wp\/v2\/media\/173"}],"wp:attachment":[{"href":"https:\/\/primaristic.de\/index.php\/wp-json\/wp\/v2\/media?parent=13"}],"curies":[{"name":"wp","href":"https:\/\/api.w.org\/{rel}","templated":true}]}}